 + 4*z + 3. Let t(p) = -2*a(p) + 5*b(p). Suppose -49*r - 298 = -788. List the prime factors of t(r).
13, 17
Suppose 529*k + 11718300 = 804*k. What are the prime factors of k?
2, 3, 53, 67
Let u = 94811 + -56936. What are the prime factors of u?
3, 5, 101
Let a(x) = 23*x + 7. Let j(k) = -136*k - 41. Let w(l) = -34*a(l) - 6*j(l). List the prime factors of w(2).
2, 19
Let n(g) be the first derivative of -3*g**2 + 6*g - 1. Let s be (6 - 265/15) + (-4)/(-6). What are the prime factors of n(s)?
2, 3
Let q = 112 + -72. Let y = q + 352. List the prime factors of y.
2, 7
Let h = -11899 + 11833. Let n(j) = 15*j + 3. Let p be n(6). Let b = h + p. What are the prime factors of b?
3
Let z be (3/18)/(11/66). What are the prime factors of (27/36)/(z/128)?
2, 3
Suppose 3*h + 4*n = 60842, 40636 = 4*h - 2*h - 8*n. List the prime factors of h.
2, 5, 2029
Let o be (-30)/(-4)*(-13)/((-13)/6). Let r be 0*(o/10 + -4). Suppose 5*t - 4*u - 760 = r, 3*u + 7 + 8 = 0. List the prime factors of t.
2, 37
Let l(y) = y**3 + 81*y**2 - 7*y + 2. What are the prime factors of l(7)?
5, 853
Suppose 980720 = 628*u - 444*u. List the prime factors of u.
2, 5, 13, 41
Suppose 0 = 70*w - 73*w + 7722. Suppose 3*v - 4272 = -5*m - v, 3*m - w = 3*v. What are the prime factors of m?
2, 107
Let u(i) = i**2 + 16*i - 31. Let z be u(-17). Suppose -2*a + 5*a = -l + 241, l = -2*a + 159. Let k = z + a. What are the prime factors of k?
2, 17
Let r be (-13)/(((-40)/45)/8). Suppose -m + r = -20. Let g = m + -40. List the prime factors of g.
97
Suppose -5*x + 3*i = -114039, -113983 = -45*x + 40*x - 4*i. List the prime factors of x.
3, 11, 691
Let z(a) = a**3 - 9*a**2 - 11*a + 22. Let b be z(7). What are the prime factors of (-31230)/b + 4/(-34)?
2, 3, 17
Let k(s) = 162*s - 114. Let n be k(5). Let l = 303 + n. List the prime factors of l.
3, 37
Let b(l) be the third derivative of 49*l**4/3 - l**3 + 3*l**2 - 2. What are the prime factors of b(2)?
2, 389
Let r(q) = q + 15. Suppose -12 = 4*w - 8*w + i, w + i + 2 = 0. Suppose -l - m - 3 = 0, 5*l = w*l + 3*m - 33. What are the prime factors of r(l)?
2
Let s = 105 - 101. Suppose 2*m - 3*n = 635, 632 + 629 = s*m + 3*n. What are the prime factors of m?
2, 79
Let b be (-28)/(-126) + (-4)/18. Let h(q) = q**3 + 2*q**2 + 3*q + 1028. What are the prime factors of h(b)?
2, 257
Let r(p) = p**3 + 34*p**2 - 45*p + 22. Let m be r(-35). Let q = 38 + m. What are the prime factors of q?
2, 5, 41
Suppose 5*n = -5*u - 955, 135 = -2*n + 4*u - 217. Let g = 918 + -634. Let z = n + g. List the prime factors of z.
2, 7
Let u(m) = -48*m + 1730. List the prime factors of u(-7).
2, 1033
Suppose 0 = -f + 5*i + 397 + 92, -5*f - 3*i + 2333 = 0. Suppose -73 = -470*h + f*h. List the prime factors of h.
73
Let u = 20 + 51. Let h = 103 - u. List the prime factors of h.
2
Let n = -111 - -227. Suppose -5*g + n = -699. List the prime factors of g.
163
Let n(x) = 542*x**2 + 90*x - 83. List the prime factors of n(-13).
3, 5, 19, 317
Suppose 5*f + 615 = -5*z, 2*f - 365 = 4*z + 145. Let a = z + 134. Suppose a*x - 2115 = -7*x. List the prime factors of x.
3, 47
Suppose -20 = q - 5*q. Suppose 3*m + 3*l - 243 = 0, -l - 393 = -q*m - 2*l. Suppose 0 = -3*y - v + m + 97, 51 = y + 4*v. What are the prime factors of y?
59
Let l be -503*(7 - 10) - (-2 - 0). Let g = 2146 - l. List the prime factors of g.
5, 127
Let t = 265 + -177. List the prime factors of t*1 + 25/5.
3, 31
Let i be 6/10 + 7/(175/60). Let x(j) = -20*j**2 - j**3 + 11*j**i + 18*j**2 + 9*j**3 + 2 - j. What are the prime factors of x(1)?
2, 3
Suppose 3*p + 28716 = 5*b, 5*b = -158*p + 159*p + 28712. List the prime factors of b.
2, 3, 11, 29
Let i(a) = -7*a + 162. Let j be i(23). Let k(o) = 665*o**3 - o + 1. What are the prime factors of k(j)?
5, 7, 19
Let c be (-2 - 36/(-15)) + 2254/(-10). Let a = 54 - c. What are the prime factors of a?
3, 31
Let h(p) = -3*p**2 + 4*p - 3. Let o be h(1). Let n be 172/28 + o + 13/7. List the prime factors of (-4)/(-6)*(18 - n).
2
List the prime factors of (14 - 30037)*-1*(3 + 1 + -3).
7, 4289
Suppose 0 = -4*j + 2889 - 625. Suppose l - 2725 = -5*n, n = 2*n - 4*l - j. Suppose 0 = 3*a - 3*d - n, -4*a + 5*d = -5*a + 176. List the prime factors of a.
181
Suppose -5*q - 78 = -18*q. List the prime factors of q/(-15) - (-3 - (-9414)/(-10)).
2, 59
Suppose d - 19*m - 1159 = -14*m, 3*d + m - 3461 = 0. What are the prime factors of d?
2, 577
Let b(k) = 434*k - 81. Let n be b(2). Suppose 0 = -4*f + 3*w + 3143, -9*f + 8*f + w = -n. List the prime factors of f.
2, 17, 23
List the prime factors of 6 + 14058 + (0/(-4 - -7))/(-1).
2, 3, 293
What are the prime factors of -7 + -57*(-6698)/51?
3, 277
Let m = -93 - -63. Let c = 32 + m. Suppose -c*q + 218 = 36. What are the prime factors of q?
7, 13
Let r = 62 + -62. Suppose -5*g + 3*g = -5*o - 169, r = o + 1. Suppose -3*y + g = -14. List the prime factors of y.
2
List the prime factors of (-1)/(5/(-28020)) - -3 - 2 - -4.
71, 79
Suppose -217*s + 219*s - 7876 = -3*u, 0 = 5*u - 3*s - 13095. What are the prime factors of u?
2, 3, 19, 23
Let b = -7954 - -8974. What are the prime factors of b?
2, 3, 5, 17
Suppose 0 = -253*g + 247*g + 1260. Let l be (-1)/7 + 72/14. Suppose l*q = -2*v + 235, 160 = 3*v + 4*q - g. What are the prime factors of v?
2, 5, 13
What are the prime factors of ((-155)/(-10)*-2)/((-11)/1199)?
31, 109
Suppose 12*t - 664535 = -146387. List the prime factors of t.
3, 37, 389
Let d be -2 + -5*(-3)/15*659. Let w = d + -145. List the prime factors of w.
2
Suppose -2*i + 15 = 3*i. Let v = 2043 - 2040. Suppose -4*a - 55 = -v*w + 333, 5*w - 695 = -i*a. List the prime factors of w.
2, 17
Let h = 19698 - 1020. What are the prime factors of h?
2, 3, 11, 283
Let v(t) = 3460*t + 93. List the prime factors of v(2).
7013
Suppose 4*g - 5*q + 16582 = 63187, -4*g + 3*q + 46619 = 0. List the prime factors of g.
2, 5, 11, 53
Let k(x) = -2*x**2 + 23*x + 15. Let f be k(12). Suppose -f*h = -1509 - 372. List the prime factors of h.
3, 11, 19
Suppose 0 = 5*p + 4*g - 113195 + 35023, 31249 = 2*p - 5*g. What are the prime factors of p?
2, 977
Let j(t) = 3*t - 3. Let w be j(2). Suppose 4*y + 286 = w*k, 3*k + 4*y - 324 = 2. Suppose k = 3*l - 15. What are the prime factors of l?
3, 13
Suppose 44 = 13*g - 9*g. Suppose g*x = 15*x. Suppose x = 3*c - 5*l - 239, 238 = 4*c - c - 4*l. List the prime factors of c.
2, 3, 13
Suppose 4*t - 5*b = 27 - 6, -3*t + 3*b = -18. Suppose 2*j + 11 = t. What are the prime factors of (j - (-216)/(-40))/((-1)/25)?
2, 5
What are the prime factors of 41599/7 - 306/(-1071)?
3, 7, 283
Let z(i) = 112*i + 108. Let y = -282 + 290. What are the prime factors of z(y)?
2, 251
Suppose 4*r - 110124 = -h, 1105*r - 1109*r + 110124 = 5*h. List the prime factors of r.
3, 7, 19, 23
Suppose -k - j + 25 = 4*j, 0 = -3*k + 3*j + 39. Let q = k - 7. What are the prime factors of (57/(-2))/(((-4)/2)/q)?
2, 3, 19
Suppose 0 = -13*h + 9*h + 1232. Suppose -2*q = -3*j + 3*q + 462, -3*q = 2*j - h. Suppose -3*a + j = -233. What are the prime factors of a?
3, 43
Let b(n) = 665*n**2 - 176*n + 1185. List the prime factors of b(7).
2, 3, 11, 17, 29
Suppose 27016 = -9*l + 13*l + 6*j, 3*l - 20265 = -3*j. List the prime factors of l.
29, 233
Suppose -8*x + 11 = -5. Suppose -h + 4*w = 3 - 11, 0 = x*w + 2. What are the prime factors of (-24)/(2/h + 117/(-162))?
2, 3
Let u = 9340 - 4131. List the prime factors of u.
5209
List the prime factors of (-109616)/(-5) - 246/205.
2, 97, 113
Let i = 54 + -143. Let f be 3 + (i - 20/5). List the prime factors of f/(-15)*(220/6 + 0).
2, 5, 11
Let v(j) = 12*j**3 + 14*j**3 + 13 - j**2 - 28*j**3 - 3*j - 7*j**2. What are the prime factors of v(-7)?
2, 41
Let u(o) be the third derivative of -1/8*o**4 + 0*o + 0 - 7/6*o**3 + 1/20*o**5 - 17*o**2. List the prime factors of u(-5).
83
Let x = -4400 + 29710. List the prime factors of x.
2, 5, 2531
Suppose -46*q = -48*q + 24. List the prime factors of q/(84/(-175))*222/(-10).
3, 5, 37
Suppose 2*q + q = 5*d - 1768, 0 = 3*d + 3. Let w = -329 - q. What are the prime factors of w?
2, 131
Let p = -20891 - -29666. List the prime factors of p.
3, 5, 13
Let o(j) = -j**3 + j**2 + 11*j - 9. Let q be o(7). Let z = -165 - q. List the prime factors of z.
61
Let n(z) = -z**3 + 16*z**2 + 9*z - 9. Suppose -81*a + 80*a + 14 = 0. What are the prime facto